inder when 17315 is divided by 111?
110
Calculate the remainder when 675399 is divided by 39.
36
What is the remainder when 968 is divided by 77?
44
Calculate the remainder when 897379 is divided by 556.
551
What is the remainder when 18445 is divided by 4600?
45
Calculate the remainder when 208492 is divided by 185.
182
What is the remainder when 6497 is divided by 26?
23
Calculate the remainder when 1906 is divided by 100.
6
Calculate the remainder when 62717 is divided by 320.
317
What is the remainder when 863 is divided by 106?
15
Calculate the remainder when 4185 is divided by 553.
314
What is the remainder when 22926 is divided by 1040?
46
Calculate the remainder when 94661 is divided by 8.
5
What is the remainder when 107176 is divided by 10716?
16
What is the remainder when 4645 is divided by 17?
4
What is the remainder when 61723 is divided by 20544?
91
Calculate the remainder when 44413 is divided by 6340.
33
What is the remainder when 46460 is divided by 226?
130
Calculate the remainder when 20789 is divided by 130.
119
What is the remainder when 6903358 is divided by 24?
22
Calculate the remainder when 13991 is divided by 132.
131
What is the remainder when 98912 is divided by 3663?
11
What is the remainder when 140838 is divided by 323?
10
What is the remainder when 12463 is divided by 3102?
55
What is the remainder when 874222 is divided by 117?
115
Calculate the remainder when 5003 is divided by 2490.
23
What is the remainder when 24502 is divided by 430?
422
What is the remainder when 1532 is divided by 226?
176
Calculate the remainder when 190519 is divided by 47626.
15
What is the remainder when 3408438 is divided by 1960?
1958
Calculate the remainder when 21304 is divided by 53.
51
What is the remainder when 68634 is divided by 13719?
39
Calculate the remainder when 88448 is divided by 305.
303
Calculate the remainder when 17470528 is divided by 165.
163
What is the remainder when 194193 is divided by 77?
76
What is the remainder when 82883 is divided by 1237?
4
What is the remainder when 1166 is divided by 393?
380
What is the remainder when 16948 is divided by 135?
73
What is the remainder when 397478 is divided by 141?
140
What is the remainder when 61218 is divided by 26?
14
Calculate the remainder when 509969 is divided by 213.
47
What is the remainder when 19702 is divided by 1157?
33
Calculate the remainder when 718 is divided by 656.
62
What is the remainder when 99418 is divided by 393?
382
Calculate the remainder when 9845 is divided by 4619.
607
What is the remainder when 552 is divided by 10?
2
What is the remainder when 31912 is divided by 100?
12
What is the remainder when 20000 is divided by 714?
8
Calculate the remainder when 3793799 is divided by 43.
38
What is the remainder when 11002 is divided by 12?
10
Calculate the remainder when 4805 is divided by 257.
179
What is the remainder when 3528 is divided by 3528?
0
Calculate the remainder when 1749 is divided by 585.
579
What is the remainder when 842 is divided by 415?
12
What is the remainder when 223476 is divided by 20?
16
Calculate the remainder when 561382 is divided by 173.
170
What is the remainder when 347840 is divided by 49?
38
What is the remainder when 37289 is divided by 2663?
7
What is the remainder when 1164699 is divided by 6?
3
Calculate the remainder when 69162 is divided by 265.
262
Calculate the remainder when 9937 is divided by 113.
106
What is the remainder when 5371 is divided by 145?
6
What is the remainder when 8077 is divided by 18?
13
Calculate the remainder when 27168 is divided by 3371.
200
What is the remainder when 325074 is divided by 526?
6
What is the remainder when 45314 is divided by 45214?
100
What is the remainder when 1242 is divided by 406?
24
What is the remainder when 22681 is divided by 4?
1
What is the remainder when 18492 is divided by 45?
42
What is the remainder when 44788 is divided by 88?
84
Calculate the remainder when 110400 is divided by 124.
40
What is the remainder when 14117 is divided by 23?
18
Calculate the remainder when 21850 is divided by 6.
4
What is the remainder when 540 is divided by 232?
76
Calculate the remainder when 208770 is divided by 1250.
20
What is the remainder when 8241 is divided by 8237?
4
Calculate the remainder when 56808 is divided by 533.
310
Calculate the remainder when 58647 is divided by 231.
204
Calculate the remainder when 1211 is divided by 536.
139
Calculate the remainder when 448785 is divided by 56.
1
Calculate the remainder when 12051 is divided by 90.
81
What is the remainder when 38643 is divided by 114?
111
Calculate the remainder when 149195 is divided by 49711.
62
What is the remainder when 1180 is divided by 299?
283
What is the remainder when 21040 is divided by 167?
165
Calculate the remainder when 622321 is divided by 13.
11
Calculate the remainder when 12333 is divided by 84.
69
Calculate the remainder when 496566 is divided by 49656.
6
What is the remainder when 6297 is divided by 315?
312
Calculate the remainder when 66049 is divided by 4399.
64
Calculate the remainder when 14166 is divided by 3482.
238
Calculate the remainder when 571961 is divided by 662.
655
Calculate the remainder when 71783 is divided by 251.
248
What is the remainder when 4704208 is divided by 378?
376
What is the remainder when 69011 is divided by 120?
11
Calculate the remainder when 47957 is divided by 14.
7
What is the remainder when 13219 is divided by 243?
97
What is the remainder when 246731 is divided by 65?
56
What is the remainder when 12059 is divided by 4014?
17
Calculate the remainder when 8808 is divided by 10.
8
Calculate the remainder when 6932 is divided by 630.
2
What is the remainder when 26697 is divided by 93?
6
What is the remainder when 1014 is divided by 272?
198
Calculate the remainder when 5490 is divided by 236.
62
What is the remainder when 21620 is divided by 188?
0
What is the remainder when 23362 is divided by 5829?
46
Calculate the remainder when 349 is divided by 298.
51
Calculate the remainder when 124419 is divided by 96.
3
What is the remainder when 10940 is divided by 247?
72
What is the remainder when 283039 is divided by 102?
91
Calculate the remainder when 8790 is divided by 1592.
830
Calculate the remainder when 2663 is divided by 296.
295
What is the remainder when 58205 is divided by 142?
127
What is the remainder when 138298 is divided by 50?
48
Calculate the remainder when 5493 is divided by 5445.
48
Calculate the remainder when 1485 is divided by 375.
360
What is the remainder when 3858 is divided by 218?
152
What is the remainder when 2581 is divided by 7?
5
Calculate the remainder when 286492 is divided by 18.
4
Calculate the remainder when 72244 is divided by 44.
40
What is the remainder when 83637 is divided by 181?
15
What is the remainder when 188494 is divided by 11?
9
Calculate the remainder when 173982 is divided by 716.
710
Calculate the remainder when 2016 is divided by 45.
36
What is the remainder when 3187 is divided by 178?
161
What is the remainder when 102228 is divided by 11358?
6
Calculate the remainder when 113281 is divided by 921.
919
Calculate the remainder when 17567 is divided by 17438.
129
Calculate the remainder when 43127 is divided by 663.
32
What is the remainder when 119260 is divided by 143?
141
Calculate the remainder when 209335 is divided by 78.
61
Calculate the remainder when 16300 is divided by 209.
207
What is the remainder when 70103 is divided by 7781?
74
Calculate the remainder when 1083 is divided by 3.
0
Calculate the remainder when 8711 is divided by 335.
1
Calculate the remainder when 83101 is divided by 1731.
13
Calculate the remainder when 743 is divided by 31.
30
What is the remainder when 4653 is divided by 156?
129
What is the remainder when 585 is divided by 566?
19
What is the remainder when 1643 is divided by 344?
267
Calculate the remainder when 4492 is divided by 85.
72
What is the remainder when 87885 is divided by 24?
21
Calculate the remainder when 1418028 is divided by 354502.
20
Calculate the remainder when 103649 is divided by 25.
24
Calculate the remainder when 14166 is divided by 354.
6
What is the remainder when 1837 is divided by 254?
59
What is the remainder when 14127 